{"id":69,"date":"2023-11-01T17:34:39","date_gmt":"2023-11-01T14:34:39","guid":{"rendered":"https:\/\/tanura-wood.com\/?page_id=69"},"modified":"2023-11-01T17:34:40","modified_gmt":"2023-11-01T14:34:40","slug":"hakkinda","status":"publish","type":"page","link":"https:\/\/tanura-wood.com\/index.php\/hakkinda\/","title":{"rendered":"Hakk\u0131nda"},"content":{"rendered":"\n<div class=\"wp-block-media-text is-stacked-on-mobile\" style=\"grid-template-columns:48% auto\"><figure class=\"wp-block-media-text__media\"><img decoding=\"async\" loading=\"lazy\" width=\"295\" height=\"171\" src=\"https:\/\/tanura-wood.com\/wp-content\/uploads\/2023\/11\/resim.jpeg\" alt=\"\" class=\"wp-image-70 size-full\" srcset=\"https:\/\/tanura-wood.com\/wp-content\/uploads\/2023\/11\/resim.jpeg 295w, https:\/\/tanura-wood.com\/wp-content\/uploads\/2023\/11\/resim-104x60.jpeg 104w, https:\/\/tanura-wood.com\/wp-content\/uploads\/2023\/11\/resim-293x171.jpeg 293w\" sizes=\"(max-width: 295px) 100vw, 295px\" \/><\/figure><div class=\"wp-block-media-text__content\">\n<p>Do\u011fal ah\u015fap malzemeler, ev dekorasyonunda s\u0131cakl\u0131k ve do\u011fall\u0131k hissiyat\u0131 yaratmak i\u00e7in m\u00fckemmel bir se\u00e7enek sunar. Ah\u015fap mobilyalar ve dekoratif e\u015fyalar, herhangi bir mekana zarafet ve \u015f\u0131kl\u0131k katar. Ayn\u0131 zamanda do\u011fal malzemelerin sa\u011flad\u0131\u011f\u0131 dayan\u0131kl\u0131l\u0131k ve kalite ile uzun y\u0131llar boyunca kullan\u0131labilirler.<\/p>\n\n\n\n<p>Do\u011fal ah\u015fap malzemelerden \u00fcretilen dekoratif ev e\u015fyalar\u0131 ve mobilyalar\u0131, her tarza ve zevke hitap edecek \u015fekilde tasarlanabilir. Ah\u015fab\u0131n do\u011fal dokusu ve renk tonlar\u0131, her bir \u00fcr\u00fcne benzersiz bir karakter kazand\u0131r\u0131r. Bu da evinize ki\u015fisel bir dokunu\u015f katman\u0131za olanak sa\u011flar.<\/p>\n\n\n\n<p><\/p>\n<\/div><\/div>\n\n\n\n<div class=\"wp-block-jetpack-slideshow\" data-autoplay=\"true\" data-delay=\"3\" data-effect=\"slide\"><div class=\"wp-block-jetpack-slideshow_container swiper-container\"><ul class=\"wp-block-jetpack-slideshow_swiper-wrapper swiper-wrapper\"><li class=\"wp-block-jetpack-slideshow_slide swiper-slide\"><figure><img decoding=\"async\" loading=\"lazy\" width=\"1024\" height=\"512\" alt=\"\" class=\"wp-block-jetpack-slideshow_image wp-image-65\" data-id=\"65\" src=\"https:\/\/tanura-wood.com\/wp-content\/uploads\/2023\/10\/wood-1024x512.jpg\" srcset=\"https:\/\/tanura-wood.com\/wp-content\/uploads\/2023\/10\/wood-1024x512.jpg 1024w, https:\/\/tanura-wood.com\/wp-content\/uploads\/2023\/10\/wood-300x150.jpg 300w, https:\/\/tanura-wood.com\/wp-content\/uploads\/2023\/10\/wood-768x384.jpg 768w, https:\/\/tanura-wood.com\/wp-content\/uploads\/2023\/10\/wood-1536x768.jpg 1536w, https:\/\/tanura-wood.com\/wp-content\/uploads\/2023\/10\/wood-120x60.jpg 120w, https:\/\/tanura-wood.com\/wp-content\/uploads\/2023\/10\/wood-1320x660.jpg 1320w, https:\/\/tanura-wood.com\/wp-content\/uploads\/2023\/10\/wood-600x300.jpg 600w, https:\/\/tanura-wood.com\/wp-content\/uploads\/2023\/10\/wood.jpg 1920w\" sizes=\"(max-width: 1024px) 100vw, 1024px\" \/><\/figure><\/li><li class=\"wp-block-jetpack-slideshow_slide swiper-slide\"><figure><img decoding=\"async\" loading=\"lazy\" width=\"1024\" height=\"512\" alt=\"\" class=\"wp-block-jetpack-slideshow_image wp-image-66\" data-id=\"66\" src=\"https:\/\/tanura-wood.com\/wp-content\/uploads\/2023\/10\/wood2-1024x512.jpg\" srcset=\"https:\/\/tanura-wood.com\/wp-content\/uploads\/2023\/10\/wood2-1024x512.jpg 1024w, https:\/\/tanura-wood.com\/wp-content\/uploads\/2023\/10\/wood2-300x150.jpg 300w, https:\/\/tanura-wood.com\/wp-content\/uploads\/2023\/10\/wood2-768x384.jpg 768w, https:\/\/tanura-wood.com\/wp-content\/uploads\/2023\/10\/wood2-1536x768.jpg 1536w, https:\/\/tanura-wood.com\/wp-content\/uploads\/2023\/10\/wood2-120x60.jpg 120w, https:\/\/tanura-wood.com\/wp-content\/uploads\/2023\/10\/wood2-1320x660.jpg 1320w, https:\/\/tanura-wood.com\/wp-content\/uploads\/2023\/10\/wood2-600x300.jpg 600w, https:\/\/tanura-wood.com\/wp-content\/uploads\/2023\/10\/wood2.jpg 1920w\" sizes=\"(max-width: 1024px) 100vw, 1024px\" \/><\/figure><\/li><li class=\"wp-block-jetpack-slideshow_slide swiper-slide\"><figure><img decoding=\"async\" loading=\"lazy\" width=\"512\" height=\"512\" alt=\"\" class=\"wp-block-jetpack-slideshow_image wp-image-48\" data-id=\"48\" src=\"https:\/\/tanura-wood.com\/wp-content\/uploads\/2023\/10\/cropped-logo.jpg\" srcset=\"https:\/\/tanura-wood.com\/wp-content\/uploads\/2023\/10\/cropped-logo.jpg 512w, https:\/\/tanura-wood.com\/wp-content\/uploads\/2023\/10\/cropped-logo-300x300.jpg 300w, https:\/\/tanura-wood.com\/wp-content\/uploads\/2023\/10\/cropped-logo-150x150.jpg 150w, https:\/\/tanura-wood.com\/wp-content\/uploads\/2023\/10\/cropped-logo-60x60.jpg 60w, https:\/\/tanura-wood.com\/wp-content\/uploads\/2023\/10\/cropped-logo-270x270.jpg 270w, https:\/\/tanura-wood.com\/wp-content\/uploads\/2023\/10\/cropped-logo-192x192.jpg 192w, https:\/\/tanura-wood.com\/wp-content\/uploads\/2023\/10\/cropped-logo-180x180.jpg 180w, https:\/\/tanura-wood.com\/wp-content\/uploads\/2023\/10\/cropped-logo-32x32.jpg 32w\" sizes=\"(max-width: 512px) 100vw, 512px\" \/><\/figure><\/li><li class=\"wp-block-jetpack-slideshow_slide swiper-slide\"><figure><img decoding=\"async\" loading=\"lazy\" width=\"885\" height=\"234\" alt=\"\" class=\"wp-block-jetpack-slideshow_image wp-image-45\" data-id=\"45\" src=\"https:\/\/tanura-wood.com\/wp-content\/uploads\/2023\/10\/logo2.jpg\" srcset=\"https:\/\/tanura-wood.com\/wp-content\/uploads\/2023\/10\/logo2.jpg 885w, https:\/\/tanura-wood.com\/wp-content\/uploads\/2023\/10\/logo2-300x79.jpg 300w, https:\/\/tanura-wood.com\/wp-content\/uploads\/2023\/10\/logo2-768x203.jpg 768w, https:\/\/tanura-wood.com\/wp-content\/uploads\/2023\/10\/logo2-227x60.jpg 227w, https:\/\/tanura-wood.com\/wp-content\/uploads\/2023\/10\/logo2-600x159.jpg 600w\" sizes=\"(max-width: 885px) 100vw, 885px\" \/><\/figure><\/li><\/ul><a class=\"wp-block-jetpack-slideshow_button-prev swiper-button-prev swiper-button-white\" role=\"button\"><\/a><a class=\"wp-block-jetpack-slideshow_button-next swiper-button-next swiper-button-white\" role=\"button\"><\/a><a aria-label=\"Pause Slideshow\" class=\"wp-block-jetpack-slideshow_button-pause\" role=\"button\"><\/a><div class=\"wp-block-jetpack-slideshow_pagination swiper-pagination swiper-pagination-white\"><\/div><\/div><\/div>\n","protected":false},"excerpt":{"rendered":"<p>Do\u011fal ah\u015fap malzemeler, ev dekorasyonunda s\u0131cakl\u0131k ve do\u011fall\u0131k hissiyat\u0131 yaratmak i\u00e7in m\u00fckemmel bir se\u00e7enek sunar. Ah\u015fap mobilyalar ve dekoratif e\u015fyalar, herhangi bir mekana zarafet ve \u015f\u0131kl\u0131k katar. Ayn\u0131 zamanda do\u011fal malzemelerin sa\u011flad\u0131\u011f\u0131 dayan\u0131kl\u0131l\u0131k ve kalite ile uzun y\u0131llar boyunca kullan\u0131labilirler. Do\u011fal ah\u015fap malzemelerden \u00fcretilen dekoratif ev e\u015fyalar\u0131 ve mobilyalar\u0131, her tarza ve zevke hitap edecek &hellip; <\/p>\n","protected":false},"author":1,"featured_media":0,"parent":0,"menu_order":0,"comment_status":"closed","ping_status":"closed","template":"","meta":{"om_disable_all_campaigns":false,"_monsterinsights_skip_tracking":false,"_monsterinsights_sitenote_active":false,"_monsterinsights_sitenote_note":"","_monsterinsights_sitenote_category":0,"footnotes":""},"aioseo_notices":[],"jetpack_sharing_enabled":true,"jetpack-related-posts":[],"_links":{"self":[{"href":"https:\/\/tanura-wood.com\/index.php\/wp-json\/wp\/v2\/pages\/69"}],"collection":[{"href":"https:\/\/tanura-wood.com\/index.php\/wp-json\/wp\/v2\/pages"}],"about":[{"href":"https:\/\/tanura-wood.com\/index.php\/wp-json\/wp\/v2\/types\/page"}],"author":[{"embeddable":true,"href":"https:\/\/tanura-wood.com\/index.php\/wp-json\/wp\/v2\/users\/1"}],"replies":[{"embeddable":true,"href":"https:\/\/tanura-wood.com\/index.php\/wp-json\/wp\/v2\/comments?post=69"}],"version-history":[{"count":1,"href":"https:\/\/tanura-wood.com\/index.php\/wp-json\/wp\/v2\/pages\/69\/revisions"}],"predecessor-version":[{"id":71,"href":"https:\/\/tanura-wood.com\/index.php\/wp-json\/wp\/v2\/pages\/69\/revisions\/71"}],"wp:attachment":[{"href":"https:\/\/tanura-wood.com\/index.php\/wp-json\/wp\/v2\/media?parent=69"}],"curies":[{"name":"wp","href":"https:\/\/api.w.org\/{rel}","templated":true}]}}